rime factors of d.
3, 7, 29
Let n = -1165 + 1991. List the prime factors of n.
2, 7, 59
Let v be 60/(-40)*(-4)/(-3). Let x(p) = p**3 + 5*p**2 + 5*p + 5. Let c be x(v). Suppose -c*z + 255 + 88 = 0. What are the prime factors of z?
7
Let m(o) = -o**3 - o**2 - 15*o - 39. List the prime factors of m(-5).
2, 17
Suppose 0 = -5*u - 2*g + 9, 2*u - 21 = 12*g - 7*g. Suppose -u*t = 15*t - 1926. What are the prime factors of t?
107
Let c = 80 - 80. Suppose 3*s = 2*t - 396, -4*t + 4*s = -c*s - 788. What are the prime factors of t?
3, 5, 13
Let c(p) = -p**3 - 5*p**2 - 1. Let h be c(-2). Let w(k) = -11*k + 16. What are the prime factors of w(h)?
3, 53
Suppose 0*s = s. Suppose 7*c - 2*c - 10 = s. List the prime factors of (c/(-6))/(3/(-522)).
2, 29
Suppose 112*q = 104*q + 18368. What are the prime factors of q?
2, 7, 41
Let q(k) = -20 + 28 + 2*k + 28. List the prime factors of q(0).
2, 3
Suppose 8*c - 7007 = 7273. What are the prime factors of c?
3, 5, 7, 17
Let d(p) = -p**3 + 3*p**2 + 2*p + 8. Let z be d(4). Let s be (5 - -105)*(1 - z). Suppose 0 = -v - 0*y - 4*y + 41, 3*v - y - s = 0. List the prime factors of v.
37
Suppose -15*u - 135 = -2205. List the prime factors of u.
2, 3, 23
Suppose 3*a = 61 + 14. Suppose -20*p - 55 = -a*p. List the prime factors of p.
11
Let m = 11 - 9. Suppose m - 6 = -j. Suppose -5*v + v + 83 = 5*a, v - j*a - 47 = 0. List the prime factors of v.
3
Let v(x) = -x**3 - 11*x**2 - 10*x. Let l be v(-10). Suppose -5*m + 31 = -3*p, -2*m - 3 = p - l*m. List the prime factors of 2*2*p/(-7).
2
Let w(v) = -41*v + 2. Let b(h) = -h**3 + 4*h**2 + 4*h + 3. Let d be b(5). Let a be w(d). What are the prime factors of a/20*5/1?
3, 7
Let j(v) = v**3 - 7*v**2 + 2*v. Let h be j(8). Let f = h + -46. Suppose -2*x + 4*y - f = -158, 4*x + 2*y - 198 = 0. What are the prime factors of x?
2, 13
Suppose 5*b = -4*w + 6317, 6*w + 3*b = 10*w - 6341. List the prime factors of w.
1583
Let c(a) = 12*a**2 + 13*a - 15. List the prime factors of c(-9).
2, 3, 5, 7
Let x = -7 - -7. Suppose g - 4*g + 24 = x. Suppose -s + 49 + g = 3*p, -4*p - 5*s = -87. What are the prime factors of p?
2, 3
Let n(h) = -1769*h + 147. What are the prime factors of n(-1)?
2, 479
Let t be (-6)/(-6) + 6/1. Let i be (-10)/35 - (-23)/t. List the prime factors of i/4*4 - -28.
31
Let m(s) = 114*s**3 - s**2 + 2*s - 1. Let o be m(1). Let a = o - 52. What are the prime factors of a?
2, 31
Let m = 461 + -323. Let h be ((-1)/(-2))/((-11)/(-10) + -1). Suppose h*x - m = -28. What are the prime factors of x?
2, 11
Suppose 3*u - 138 = -3*u. Let s = u - -34. List the prime factors of s.
3, 19
Let r(h) be the third derivative of -5*h**4/12 - h**3/6 + h**2. Let l be r(-7). Let y = -40 + l. What are the prime factors of y?
29
Let k = -39 - -48. What are the prime factors of ((12/k)/(4/90))/1?
2, 3, 5
Let l be 66 + (2 - -1) + -1. Let h = 129 - l. List the prime factors of h.
61
Suppose 0 = 2*a - 6*a + 5*s - 10, 2*a + 6 = 3*s. Suppose -2*z + 40 + 156 = a. List the prime factors of z.
2, 7
Suppose 0 = q - 4*w - 438, -4*q + 8*w - 13*w = -1794. List the prime factors of q.
2, 223
Suppose -x - 24 = -o, 4*o - 12 - 8 = 0. Let r = 108 + x. List the prime factors of r.
89
What are the prime factors of ((-53)/4)/(5*(-7)/980)?
7, 53
Suppose -9*d - 117 = -12*d. Suppose z = -3 + d. What are the prime factors of z?
2, 3
Let h = 980 + -625. List the prime factors of h.
5, 71
Suppose -10*t + t + 27 = 0. List the prime factors of 381/2 - t*1/6.
2, 5, 19
Let u = 311 + -217. Suppose 184 = 5*v + 4*i, 3*v + 5*i - 6 - u = 0. What are the prime factors of v?
2, 5
Let u(o) = 2*o - 12. Let d be u(8). Let h(x) = 2*x + d*x - 5*x + 4. List the prime factors of h(2).
2, 3
Let i be ((-6)/2)/((-2)/4). Suppose i*z + 16 = 2*z. Let u(g) = -g**3 - 4*g**2 - 2*g + 1. List the prime factors of u(z).
3
Suppose -2*h = 3*h - 25. Suppose -4*c + 6 = 5*d, h*c - 5*d - 26 = c. Suppose 21 = r + 4*k, 8*k = c*k + 12. What are the prime factors of r?
3
Let k = 583 - 50. List the prime factors of k.
13, 41
List the prime factors of 4/(-12)*-24 - -779.
787
Let p(t) = 2*t**2 - 6*t + 2740. What are the prime factors of p(0)?
2, 5, 137
Let l be 0 + (-4)/(-10) - (-1914)/15. Suppose -l = -6*n + 52. What are the prime factors of n?
2, 3, 5
Let c = 359 + 28. List the prime factors of c.
3, 43
Let b(h) = h**2 + 8*h + 27. Let l be b(8). Suppose -5*v - l = -3*k, 3*v + 204 = 4*k - v. What are the prime factors of k?
2, 5
Let s be ((-11)/1)/(-3 + 2). Let j = s + -6. Let c = j - -5. List the prime factors of c.
2, 5
Let v = 674 - 36. What are the prime factors of v?
2, 11, 29
Let k(t) = -2*t**2 - 2*t + 2. Let z be k(-3). Let a = z - -10. Suppose 2*b + 3*b - 135 = a. What are the prime factors of b?
3
Suppose 0 = 7*z + 28, 2*n = 4*z - 7*z + 4220. List the prime factors of n.
2, 23
Let f be (-21)/(-2) - 2*(-6)/(-8). Suppose -f*b + 397 = 73. List the prime factors of b.
2, 3
Suppose f + f - 2870 = 0. What are the prime factors of f?
5, 7, 41
Suppose -s = -4*w + 6, -9 = -s - 2*w + w. Suppose 258 + 162 = s*t. List the prime factors of t.
2, 5, 7
Let z = 1267 + -480. List the prime factors of z.
787
Let y = -18 + 20. Let s be -17 + (-2 - -4) + y. Let w = s + 49. List the prime factors of w.
2, 3
Suppose -32 = u - 5*c, 0 = -u + 4*u + 2*c + 28. Let s be 130/u + 4/(-24). Let p(t) = -t**2 - 15*t - 13. List the prime factors of p(s).
31
Let j(y) = -26*y**2 + 105*y - 2. Let s be j(4). Suppose -2*q - 5 + 13 = 0. What are the prime factors of 246/q + s/4?
2, 31
Suppose 0 = 6*l - 9*l + 1431. What are the prime factors of l?
3, 53
Let k be (-6)/9 + (-12)/9. Let g be (-314)/k - (-6)/(-2). Let j = -91 + g. What are the prime factors of j?
3, 7
Let f(p) = -42*p - 104. List the prime factors of f(-20).
2, 23
Suppose j + j = 1582. List the prime factors of j.
7, 113
Let h(b) = -b**3 + b**2 - 2. Let s(x) = -x**2 + 5*x. Let u be s(6). List the prime factors of h(u).
2, 5
Suppose -7490 = 61*x - 75*x. List the prime factors of x.
5, 107
Suppose -12*v - 63 = -5*v. Suppose -2*d + 5*u = 29, 12 + 5 = -d + 5*u. List the prime factors of (v - d)*34/6.
17
Let f = -42 - -74. Let d = -16 + f. Suppose d = t + 3*t. List the prime factors of t.
2
Let f(h) = 29*h**3 + 2*h**2 - 2*h. Let g(y) = y**2 + 4*y + 4. Let k be g(-3). List the prime factors of f(k).
29
List the prime factors of 1 + 5697/(-18)*-20.
13, 487
List the prime factors of (-6 + (-275)/(-44))/(1/164).
41
Suppose 3*s + 3*s = 18. Let w be -4 + 2 + 0 + s. List the prime factors of (66/2)/1 + w.
2, 17
Let v = -3 + 3. Suppose -5*c + 8*c = v. Suppose -45 = -3*t - c*t. List the prime factors of t.
3, 5
Let y(t) = -t**2 + t + 8. Let n be y(7). Let r = n - -56. What are the prime factors of r?
2, 11
Let u = 17 + -12. Suppose 27 = 3*h + 4*s - 5, 5*s = -h + 29. Suppose -h - 6 = -u*z. What are the prime factors of z?
2
Suppose 9*o = 4*o + 20. Suppose -o*m - 2*i + 121 = m, -5*i + 61 = 2*m. Let u = m - 2. List the prime factors of u.
3, 7
Suppose -2*g = -3*b + 45, -g + 74 = -4*g - 2*b. Let v be (g/(-10))/(4/10). Let m(f) = 8*f - 5. List the prime factors of m(v).
43
What are the prime factors of ((-4)/6)/((-12)/1170)?
5, 13
Let o = 55 - 15. Let h be o/14 - 1/(-7). Suppose -3*b = -2*n + h, 0 = -4*n + 4*b - 5*b + 13. List the prime factors of n.
3
Suppose 0 = -4*i + 5 + 91. Suppose 2*k + i - 72 = 0. Suppose d - k = -d. What are the prime factors of d?
2, 3
Let m(u) = 1 - u + 3*u - 3*u + u**3. Suppose -5*c = 4*a - 23, 5*a - 22 = -4*c - 0. What are the prime factors of m(c)?
5
Let x(i) be the first derivative of i**2 - 11*i + 5. Let q be x(8). Suppose -4*d = -q*w - 53, -d - 5*w = -0*w - 32. What are the prime factors of d?
17
Suppose 0 = -2*x - 41 + 109. Suppose 0 = 2*p + x - 84. Suppose -3*q = 2*z + 3 + 1, 0 = -5*q + 3*z + p. List the prime factors of q.
2
Let n(l) = l**2 - 3*l + 2. Let s be n(2). Suppose -j + 4*j - 12 = s. Suppose 2*b = 5*z - 155, 3*b + 89 = 3*z - j. List the prime factors of z.
31
Suppose -b - 16419 = -8*b + o, -7047 = -3*b + 3*o. What are the prime factors of b?
5, 7, 67
What are the prime factors of (1749/(-15) - 4)/((-30)/100)?
2, 3, 67
Let g be 6/(-4)*(-70)/21. Suppose 0 = -g*q + 2*q + 15. Suppose -95 = -q*v - f, -2*v + 19 = 4*f - 19. List the prime factors of v.
19
Suppose 12*r - 9*r = -405. List the prime factors of (-4)/(-18) + (-2535)